498 - -2cf?
-301c9
In base 9, what is 4 - 64057083?
-64057078
In base 5, what is -401041101 - -334?
-401040212
In base 8, what is 47 - 370422?
-370353
In base 12, what is -3 + 3474093?
3474090
In base 11, what is 346 - -511220?
511566
In base 5, what is -1122044 - 4244?
-1131343
In base 8, what is -1331 + -5771422?
-5772753
In base 11, what is -17a866 + -1058?
-180913
In base 4, what is -3 + -112011312110201?
-112011312110210
In base 2, what is 11011000100 - 10111010010110?
-10011111010010
In base 10, what is -150 - -329877?
329727
In base 9, what is -65546 + -727?
-66374
In base 11, what is 5 + -2947016?
-2947011
In base 15, what is -195 - 73c?
-8d2
In base 6, what is -54 - 50413021?
-50413115
In base 5, what is 2011320430 - 2?
2011320423
In base 8, what is 104243 - 1201?
103042
In base 6, what is -155305132 + 10?
-155305122
In base 7, what is 65063503 + -5?
65063465
In base 15, what is 132c0a3 - 3?
132c0a0
In base 5, what is 103121 - 1103020?
-444344
In base 13, what is 4 - -325b3a7?
325b3ab
In base 11, what is 899 - -11184?
11a72
In base 12, what is -1148 - 114b61?
-1160a9
In base 3, what is 22022 - 11211120?
-11112021
In base 2, what is 110101001010010110010 - 11?
110101001010010101111
In base 7, what is 0 + -2465446626?
-2465446626
In base 14, what is 1d + 3d1b1?
3d1d0
In base 4, what is 11 - -102122323131?
102122323202
In base 3, what is -110011220221011 - -10101?
-110011220210210
In base 5, what is 31140213003 - 42?
31140212411
In base 2, what is -10000101000 + 11100001101011?
11010001000011
In base 3, what is -201002112221021102 - -11?
-201002112221021021
In base 3, what is -2121102210 + -1202101?
-2200012011
In base 3, what is -122221010120201 - -22?
-122221010120102
In base 12, what is -1196 - -4b96?
3a00
In base 16, what is f - -66c5a?
66c69
In base 8, what is 1 - 126546446?
-126546445
In base 7, what is 3354 + 205643?
212330
In base 3, what is 2222101220 - 220120222?
2001210221
In base 4, what is -10103322 - -32321?
-10011001
In base 4, what is 33121201000 - -30?
33121201030
In base 3, what is 111200222102211 - -10?
111200222102221
In base 13, what is 23 + -111cbb2?
-111cb8c
In base 16, what is -c + -2ea3?
-2eaf
In base 2, what is 10000111100000111110111000 - -10?
10000111100000111110111010
In base 11, what is 59374 - 453?
58a21
In base 3, what is -1102210120222 - 102200?
-1102211000122
In base 14, what is 7a + -1257?
-11bb
In base 12, what is 99180 + -15?
99167
In base 15, what is 576 + -1288?
-c12
In base 12, what is -31 - -271848?
271817
In base 3, what is 11020112020 + -102110002?
10211002011
In base 2, what is -10000100110 - 100101000101111?
-100111001010101
In base 9, what is 5 + -3723740?
-3723734
In base 16, what is 2518 - 4b7b?
-2663
In base 3, what is -10100 + -1122211101?
-1122221201
In base 9, what is 208 - 110035?
-108726
In base 15, what is -bec4 + -7e?
-c053
In base 15, what is 4875 + 2a5?
4b2a
In base 2, what is -11110011111111100000110 + 1111?
-11110011111111011110111
In base 8, what is 35416441 - 4?
35416435
In base 4, what is -32202 + -1111003310?
-1111102112
In base 14, what is -849a7b - 106?
-849b83
In base 16, what is 1ac70 - f3?
1ab7d
In base 9, what is 1583283 + 36?
1583330
In base 14, what is -a - -1c8630b?
1c86301
In base 8, what is -22311417 - 14?
-22311433
In base 10, what is 14058 - -155?
14213
In base 9, what is -450313 - -36?
-450266
In base 10, what is 1 + 1185780?
1185781
In base 14, what is 4d7146 + -24?
4d7122
In base 8, what is -732 - -1421622?
1420670
In base 11, what is 46 - 8a886?
-8a840
In base 6, what is -2 + 111343211?
111343205
In base 16, what is -1e5ff - 2b?
-1e62a
In base 2, what is -10 - -11011110110011111111011?
11011110110011111111001
In base 8, what is 20 + 11445453?
11445473
In base 3, what is -10111021021 - 120212?
-10111212010
In base 15, what is 2 + 48415c?
48415e
In base 9, what is -208 - -2051286?
2051077
In base 14, what is 28 - d4b40?
-d4b16
In base 5, what is -32300430010 + -23?
-32300430033
In base 11, what is -14 - 772232?
-772246
In base 6, what is -5 + -15130341?
-15130350
In base 2, what is -111 + -100011010001000101010100111?
-100011010001000101010101110
In base 4, what is 1213320 - 1022020?
131300
In base 8, what is 276 + -247130?
-246632
In base 3, what is 22100210111 - 1011?
22100202100
In base 16, what is -5 - -2e925f?
2e925a
In base 8, what is 16760312 + -1?
16760311
In base 12, what is 2 - -39591?
39593
In base 2, what is 1001000000000010010011111111 - 1?
1001000000000010010011111110
In base 11, what is 4192223 + 96?
4192309
In base 16, what is 1da - 2276?
-209c
In base 9, what is 3 - -1457746?
1457750
In base 15, what is -26 - 88bd01?
-88bd27
In base 9, what is -5157885 + -50?
-5158045
In base 12, what is 13 + 80aaa?
80b01
In base 4, what is -101322321223 - 10?
-101322321233
In base 7, what is 1244506122 - -1?
1244506123
In base 14, what is -47549a - 13a?
-4755d6
In base 5, what is -343124232 + -20?
-343124302
In base 11, what is 5 - -991923?
991928
In base 3, what is 2110221120 - 111121?
2110102222
In base 4, what is -10 + 231002121?
231002111
In base 8, what is -24130 - 6016?
-32146
In base 15, what is -1b + -31496?
-314b2
In base 7, what is -3 - 21121214?
-21121220
In base 13, what is 864913 + -4?
86490c
In base 14, what is 4 + 14325171?
14325175
In base 10, what is -91251 + 1175?
-90076
In base 11, what is 0 + -606a4a3?
-606a4a3
In base 5, what is -24413 + -41142?
-121110
In base 15, what is 8697b7c - 3?
8697b79
In base 4, what is 0 + 1021212221300?
1021212221300
In base 4, what is 23110010 - -21?
23110031
In base 10, what is -1 - -3998814?
3998813
In base 16, what is 5691acc - 1?
5691acb
In base 15, what is -5 - 6dad8a?
-6dad90
In base 7, what is -21 + -4130422?
-4130443
In base 2, what is 110 - 1111000001100011101111111?
-1111000001100011101111001
In base 12, what is 100205582 + 0?
100205582
In base 5, what is -31142213 + -3?
-31142221
In base 2, what is 1 - -10000110100011100111111000?
10000110100011100111111001
In base 10, what is 6 + -1634680?
-1634674
In base 15, what is -130280e - 20?
-130282e
In base 4, what is 11 - 103230120230?
-103230120213
In base 2, what is 1110010101100000011 + 1100011100?
1110010111000011111
In base 12, what is -1456b400 + -3?
-1456b403
In base 9, what is -67547 - -37?
-67510
In base 16, what is -23225 - 194?
-233b9
In base 8, what is 1122752130 - 0?
1122752130
In base 10, what is 4032112 - -17?
4032129
In base 4, what is 3022021101 + 20131?
3022101232
In base 14, what is 5 - 1d41775?
-1d41770
In base 14, what is -96 - -2862?
27aa
In base 13, what is -1a318b4 - 1c?
-1a31903
In base 12, what is 44 + -4847?
-4803
In base 2, what is -1010111 + -101001001110101110011100?
-101001001110101111110011
In base 3, what is -10111002200120 - 0?
-10111002200120
In base 7, what is 104025120 + 64?
104025214
In base 15, what is a5a3607 - 0?
a5a3607
In base 2, what is -11111010111101101111 + -1111?
-11111010111101111110
In base 7, what is -5361261 - -120?
-5361141
In base 11, what is 34907 - 1353?
33564
In base 10, what is 4 + 27345225?
27345229
In base 3, what is 201110000120202100 - -12?
201110000120202112
In base 5, what is -24120 + 42204342?
42130222
In base 14, what is 23c57 + 3058?
26cb1
In base 8, what is -132375352 + 0?
-132375352
In base 14, what is 7ba - -5bd4?
65b0
In base 5, what is 120324411 + 0?
120324411
In base 4, what is -3022201121023 - 30?
-3022201121113
In base 4, what is -1221001123 - -1210?
-1220333313
In base 13, what is 4 - -bc17600?
bc17604
In base 14, what is -4691 - -39a?
-42d5
In base 7, what is -1024305661 + 3?
-1024305655
In base 7, what is 411061 - 562?
410166
In base 2, what is -100 + -1100101100010010100?
-1100101100010011000
In base 2, what is 101110001010111000111111100 + -10?
101110001010111000111111010
In base 10, what is -16 + 50323?
50307
In base 4, what is -112223031 - -222?
-112222203
In base 11, what is 4 - 13802a8?
-13802a4
In base 16, what is -b27f0d - -1?
-b27f0c
In base 3, what is -12110110201011020 - -2?
-12110110201011011
In base 2, what is -110101010100010011 - -11011100111?
-110100111000101100
In base 6, what is 32050445 + 21?
32050510
In base 8, what is -1451 + -10125?
-11576
In base 4, what is -21 - -2202133310313?
2202133310232
In base 11, what is 13161a40 + 5?
13161a45
In base 4, what 